
7
What is -34 + 8 - -9 - -12?
-5
What is the value of 1 + -2 + -30 + 34?
3
Calculate -5 + -6 - -7 - -10.
6
What is 1 - (0 - (-3 + -1 + 1))?
-2
Evaluate -4 - (1 + (-8 - -15)) - -2.
-10
Calculate 1 + (2 - -5) - (-4 - -8).
4
Calculate 4 + (-3 - 1) - 2.
-2
What is -50 + 53 - (10 - 1)?
-6
-9 - 7 - (3 - -2 - 13)
-8
Evaluate (-5 - -11) + 2 + (2 - 6).
4
What is the value of -3 + 2 - (16 - 11)?
-6
What is -7 + 10 + -4 + 0 + 0?
-1
Calculate 2 + 4 + -6 - (-9 + 4).
5
Calculate 11 + -5 + -2 + -1.
3
What is the value of (-16 + 11 - -10) + -7?
-2
-6 + (-7 - -13) + -2
-2
0 + 0 - (11 + -6 - 6)
1
Calculate 0 + -14 - (-5 + -12 + 10).
-7
What is the value of (13 - 10) + (6 - 12)?
-3
What is the value of -8 + 1 - (-8 - 6)?
7
Evaluate -13 + (-1 - -6) - -12 - -4.
8
-4 + -1 - (-33 + 26)
2
Evaluate 5 + (2 - 5) + -11 + 11.
2
Calculate -1 - ((-3 - -3 - 7) + 11).
-5
What is the value of (-1 - -2) + -3 + 4?
2
What is (1 - 7) + 2 + 8?
4
2 - 6 - (-29 - -27)
-2
Evaluate -3 + 2 + 2 + 1.
2
2 - 6 - -2 - 2
-4
Calculate 1 - ((5 - 1 - -1) + -5).
1
-2 - (-3 + (-1 - -6) - -4)
-8
What is 2 - (6 + -3 + (-3 - -5))?
-3
0 + (0 - -7 - 2) + -3
2
What is 14 + -14 + 1 + -4 - -5?
2
(-2 - 0) + -2 - (-9 + 2)
3
Evaluate 8 + (-19 - (-10 + 6)).
-7
What is the value of 2 - (1 + -20 + 14)?
7
5 + (-1 - 17) + 0 + 4
-9
What is the value of -2 - (0 - (-4 - -8))?
2
Evaluate 9 + -7 + 2 + -3.
1
Calculate (9 - 13 - (-1 + -7)) + -4.
0
Calculate 9 - ((15 - 5) + 0).
-1
Calculate 3 + 6 - (13 - 11).
7
Calculate 3 + (-6 + 3 - 0).
0
What is the value of 1 - -3 - (-5 + (7 - -1))?
1
Calculate (-12 - (-5 - -9)) + 9.
-7
Evaluate 3 - (1 + -4 + 1).
5
-1 + (1 + 2 - (4 - -1))
-3
What is (53 - 54) + -1 + 0 - -2?
0
4 + (2 - 1) + -2
3
Evaluate -1 + (6 - (2 - -3)).
0
2 - 0 - (-10 - -1 - -7)
4
0 - (5 + 4 + -5)
-4
Evaluate (-5 - (0 + -2)) + 0.
-3
Evaluate (-2 - (3 - 5)) + 0 + -4.
-4
What is the value of 1 + (-5 - -3) + 9 + -3?
5
What is the value of 1 - (2 + 4 - (-1 - -3))?
-3
Calculate -11 + 0 + 4 - (-9 - -6).
-4
Evaluate 19 + -11 + -5 - -2.
5
What is 4 + -3 + -44 + 41?
-2
What is the value of 1 - 2 - (21 - 30)?
8
What is -69 + 72 + 3 + (0 - 1)?
5
Calculate -4 - (-1 + (-3 - (5 - 3))).
2
What is 0 + 2 - (-8 - (-9 + 5))?
6
-4 - -9 - (-4 - -14)
-5
What is the value of -4 - (-5 + -1) - (0 - -1)?
1
What is 0 - (2 - (-1 - (-10 + 3)))?
4
4 - (1 - -8) - -3
-2
Evaluate -5 + (6 - (1 - -4)) + 4.
0
What is 93 - 88 - (-2 - -1)?
6
What is (3 - (-6 + -1)) + -8?
2
-9 - -9 - (-7 - 3)
10
6 + (8 - (0 - -10)) - 7
-3
What is (-8 - 18 - -14) + 3?
-9
9 + -3 + -32 + 33
7
What is -1 + (2 - -2) + (-3 - 4)?
-4
What is -2 + -2 + 1 + (14 - 13)?
-2
What is the value of 0 - ((4 - -4) + -3)?
-5
(0 - -3 - 0) + (7 - 7)
3
What is -4 + 5 + -2 + -3 + 0?
-4
(11 - 10) + 4 - (8 + 1)
-4
What is the value of -5 - (-3 - -2) - -5?
1
Calculate -10 + (6 - (4 - (6 - 4))).
-6
What is (-4 - -4 - 1) + 0?
-1
(-20 - -11 - (1 + -6)) + -1
-5
-5 + (0 - -2 - (-4 - 0))
1
What is (-8 - -1) + 8 - (0 + 0)?
1
(2 - 5) + (-2 - -8) + 3
6
What is the value of 10 + 7 + (-10 - 2)?
5
What is the value of (-9 - -3) + 26 + -23?
-3
-5 + 6 + -2 + 6
5
What is -1 - -2 - (-2 + 12 + -5)?
-4
What is the value of -4 + 2 - (5 + -9)?
2
Evaluate (-3 - -14) + (10 - 22).
-1
Evaluate (4 - (5 - 3)) + 1.
3
What is the value of -4 + -1 + 19 + -16 - -4?
2
Calculate -7 - 0 - (10 + -12 + 1).
-6
Evaluate -5 + -4 + (0 - 2) + 11.
0
What is (-3 + 0 - (5 + -3)) + -1?
-6
Calculate (4 - (2 + 1) - 4) + 4.
1
Calculate -6 + 2 - ((-7 - -3) + 2).
-2
What is the value of 31 + -38 + (1 - 2)?
-8
What is -11 - -14 - (0 - 2)?
5
What is the value of 1 - (-23 - (-2 + -13))?
9
What is the value of -8 + 3 + (4 - (3 - 1))?
-3
What is the value of 7 + -13 + 9 - 0?
3
What is the value of -3 - (7 + (-15 - -10))?
-5
What is the value of 3 - (4 - -9) - -6?
-4
What is the value of 0 - ((10 - 5) + -1)?
-4
Evaluate 4 + (-8 - 4) - (-11 - -1).
2
2 + -2 + 3 + -2
1
Calculate -23 + 22 - (0 + -4).
3
Evaluate -1 - 1 - 1 - (-40 - -35).
2
Calculate -6 + 10 + -4 - -6.
6
Calculate 8 - (7 - (-1 + 3)).
3
-3 + -2 + 0 + 1 + 8
4
What is -5 - (-7 + -4 + 16 + -4)?
-6
What is the value of (0 - (-2 - 5)) + -9?
-2
-23 + (-10 - -20) - (0 + -7)
-6
What is -11 + 2 + 6 + -2?
-5
Evaluate -2 + (-3 + 3 - 2).
-4
0 - -3 - 4 - 2 - -1
-2
Calculate 8 + (12 + -8 - 7).
5
What is 5 + -9 + -1 + 1 + -6?
-10
-2 + 2 + -11 + 8
-3
5 + -11 + (2 - -3)
-1
Calculate -3 + 6 + -7 + 3.
-1
Evaluate -6 + 2 + -3 + 1 - -1.
-5
Evaluate (6 + -3 + -5 - 1) + 2.
-1
0 + (-8 - -1) + 5
-2
Calculate 1 - (1 - (-4 - -2)).
-2
Calculate -8 - (-4 + (4 - (1 - -3))).
-4
(1 - -6) + -8 + 4
3
What is the value of -7 - (0 - (-1 - (1 + -4)))?
-5
What is (7 - 1) + -12 + 11?
5
What is 0 + -2 - -2 - 4?
-4
Evaluate -2 + 1 - (5 + -6 + 0).
0
Calculate 7 + -1 + (4 + -1 - 12).
-3
-10 - (-3 + 1) - -3
-5
What is -1 - -1 - (-16 - -21)?
-5
What is the value of 1 - 3 - (-5 - (-13 - -5))?
-5
3 + -3 + 1 + 1
2
What is the value of -4 - -2 - (2 + -5) - 2?
-1
Evaluate (4 - 14) + 1 - -5.
-4
Evaluate 0 + 2 + 16 + -21.
-3
What is the value of 5 - (-7 + 10 + -2 + 2)?
2
4 + (6 - 3) + -2
5
0 + -5 + -2 + 1 + 1
-5
Evaluate 4 - (2 + 1) - 1 - 2.
-2
(0 - (-4 - -8) - 3) + 3
-4
What is -2 + 3 + -3 - 3?
-5
What is 3 + 1 + -5 + -5 + -1?
-7
Calculate 0 - 1 - (15 + -7).
-9
What is the value of -11 + (8 - 7) + 7?
-3
Evaluate -2 + (-2 + 0 - 0).
-4
Calculate 6 + -14 + (-1 - 3 - -10).
-2
What is 7 - 7 - (2 - 1)?
-1
Evaluate -1 - (4 - 1) - -6.
2
What is the value of 3 + (-8 - -11 - (2 + 1))?
3
Evaluate 4 + (2 - 9) + 7 + 0.
4
Calculate -3 - (7 - 6) - -5.
1
What is the value of (0 - 1) + 20 + -10 + -16?
-7
Calculate -4 - (6 - 4 - 1).
-5
-3 + (-1 - -4) - (5 + -7)
2
Evaluate 11 + -13 - (-1 - 1).
0
What is 3 + (-4 - -5) - 1?
3
Calculate 3 - (2 - 3) - (65 - 65).
4
(1 - (3 - 2)) + 5 + 3
8
7 - 8 - 0 - (-1 + 0)
0
Evaluate (123 - 121) + 2 + 2.
6
What is the value of -4 + (2 - -1) - (-6 + 8)?
-3
Evaluate 1 - (-4 - -1 - (-1 + -1)).
2
What is -3 + (2 - 0 - 0) - -3?
2
7 + -5 + -3 + -4 + 2
-3
What is -6 - (11 - (5 - -4))?
-8
Calculate -2 - (-2 - (0 + (0 - 3))).
-3
Calculate 10 + (-3 - (-9 - -5 - -5)).
6
Calculate (0 - -2) + -2 + 3.
3
What is -1 - (0 + 1) - (-42 + 36)?
4
Evaluate 12 - (4 - (3 - 3)).
8
What is the value of 1 + -1 + 2 + -2 + 3?
3
What is the value of (1 - (7 + -3)) + 0?
-3
What is -2 + (-7 - (6 + (0 - 14)))?
-1
What is the value of -1 + 0 + (2 - -1)?
2
What is (-1 - 4) + -1 + (-3 - -4)?
-5
-1 - (-11 - (0 + -12))
-2
What is -3 + 3 - (-1 + 0 + 6)?
-5
(-1 - (0 - 5 - -1)) + -3
0
What is 13 + -7 - (-2 - (2 + -7))?
3
What is the value of (-4 + 4 - 5) + 10?
5
Calculate 6 - (17 + -6) - -4.
-1
0 + -4 + 0 - (-84 + 82)
-2
Calculate (-27 + 22 - (2 - -1)) + 4.
-4
Calculate -83 + 77 - (2 + -1 - 6).
-1
Calculate 5 + 0 - (10 + 0).
-5
-5 - ((4 - 2) + -7 - -3)
-3
(-3 - -8) + (-3 - 6)
-4
Evaluate 5 - (16 - 1 - (27 - 23)).
-6
What is -7 + 8 + -6 + 10?
5
Calculate 3 - 0 - (6 - 4).
1
What is the value of -5 + -10 + 15 + -9?
-9
Evaluate 7 - (-7 + (10 - 0)).
4
Evaluate 6 - 2 - (-12 + 13).
3
What is the value of -5 - (-7 - 0 - -4)?
-2
Calculate (-14 - -9) + 2 + 1.
-2
Calculate (1 - 2) + (6 - 3).
2
10 - (15 - (20 - 10))
5
Calculate 4 - (7 + -7 + 11).
-7
Evaluate -10 - -1 - -3 - (2 + -7).
-1
Calculate 7 - (-7 + 19) - (1 + -5).
-1
What is the value of 5 - (1 - -6) - -2?
0
What is (4 - (-3 + 0 - -4)) + 3?
6
Calculate (0 - -8) + (48 - 63).
-7
What is 0 + -4 + 5 - 2?
-1
Calculate 2 - (2 - 1) - (-52 + 53).
0
(6 - (-7 - -11)) + 2
4
What is -1 - (-13 + 12 + (-3 - -2))?
1
(11 - 23) + 23 - 2
9
Calculate 2 + 3 + 2 + -2.
5
-11 + (-3 - -4) - (25 - 32)
-3
Calculate -9 + 7 - (4 + -10).
4
What is the value of 7 + -9 + -3 + (2 - -5)?
2
What is the value of 2 + (-10 - -6) + 0 + 0?
-2
Calculate (5 - (2 - -15)) + 8.
-4
Calculate 14 + -19 - (-2 - -1) - 2.
-6
What is 2 - (-8 + 19 + -4 - 14)?
9
-5 + (3 - -9) + (-4 - -2)
5
What is (3 - 7) + -4 + 8 + -4?
-4
(2 - -5) + (-22 - -18)
3
What is the value of 2 - -2 - (5 - (-4 - -6))?
1
What is (-24 - (8 - 24)) + (3 - 2)?
-7
Calculate (2 - 1 - -3) + -9 - 3.
-8
Evaluate (-17 - -11) + -2 - -10.
2
What is the value of 14 + -1 + -10 + 4 + 3?
10
Calculate 2 - (-1 + 9) - -11.
5
(1 - (1 + 2)) + -24 + 21
-5
Calculate 2 - ((3 - 5) + 2 + 0).
2
8 + -1 + 1 + 33 + -35
6
Evaluate 4 - (6 - (2 - 3)).
-3
-2 + 6 + -8 - -3
-1
Evaluate -6 - (8 - (1 - -8)).
-5
(2 + -1 - 0 - 1) +